.
8
Let r be (2/4)/(1/(-36)). Let q = r + 34. Calculate the highest common factor of 112 and q.
16
Let w be 92/12 - 2/(-6). What is the highest common divisor of 8 and w?
8
Let y(h) = -4*h**3 + 6*h + 2. Let k be y(-3). Calculate the highest common factor of k and 4.
4
Let p(m) = m + 7. Let w be p(-10). Let a be 23 + 3 + w + 3. Calculate the greatest common factor of 13 and a.
13
Let b = 12 - 10. Let d(j) = j**2 + 6*j - 1. Let s be d(-6). Let v be -1*s*(-2 + 3). What is the highest common factor of v and b?
1
Suppose 0 = q + q - 14. Suppose 2*p + v = -1, 0 = 7*p - 3*p - 2*v - 10. Suppose -2*f - p + 43 = 0. Calculate the highest common divisor of f and q.
7
Let g(y) = y**2 + 2*y + 117. Let j be g(0). Calculate the greatest common factor of j and 9.
9
Let k = -9 + 4. Let m = -8 - k. Let z be (-8)/3*2*m. Calculate the greatest common factor of 8 and z.
8
Let g = 6 + -3. Suppose 0*c - g*c = -108. Let f be (-4)/(31/(-9) + 3). What is the greatest common divisor of c and f?
9
Suppose p = 3*p - 32. Let l(y) = 15*y**2 + 3*y - 2. Let w be l(2). What is the greatest common factor of w and p?
16
Let m(o) = -o + 13*o**2 + 1 + 1 - 1 + 2*o**2. Let b be m(1). Let h = -39 - -99. Calculate the highest common divisor of b and h.
15
Let d(s) = -5*s**3 + s**2 - 1. Let b be d(-1). Suppose u = -t - 0*u + 14, -b*t + 4*u = -106. Calculate the greatest common divisor of t and 144.
18
Let v be 4/(-6) + (-884)/(-12). Suppose -393 + v = -4*o. Calculate the greatest common factor of 10 and o.
10
Let q be 216/28*(-28)/(-6). Let s = 9 - 5. What is the highest common factor of s and q?
4
Let z(r) = r**2 + 4*r. Let w be z(2). What is the greatest common factor of 228 and w?
12
Let j(y) = y**3 + 12*y**2 - 2*y - 2. Let q be j(-12). What is the greatest common factor of 22 and q?
22
Let c(a) = -16*a + 3. Let q be c(-2). Let l be (21/(-9))/((-3)/9). What is the highest common divisor of q and l?
7
Let u = -95 + -171. Let l = 426 + u. What is the highest common factor of l and 20?
20
Let k = 0 + 3. Suppose 0*l = 2*l + 3*t - 33, t = 2*l - 53. Let s be (2/(-4))/((-2)/l). Calculate the greatest common divisor of k and s.
3
Let i(t) be the second derivative of -t**5/5 - t**4/6 - 2*t**3/3 - t**2 - 5*t. Let m be i(-2). What is the greatest common factor of m and 12?
6
Let x be (-2)/(-4)*(19 - 15). Calculate the greatest common divisor of 6 and x.
2
Let i = 28 + -87. Let u = -33 - i. Suppose 0 = -2*w + 6*w - 156. What is the greatest common divisor of u and w?
13
Let m = 31 + 15. Suppose -m = -3*v - 16. Calculate the greatest common factor of v and 90.
10
Let r = -7 - -1. Let n be (r/4)/(3/(-10)). Suppose 5*g + p - 18 - 23 = 0, -n*p - 29 = -g. Calculate the highest common divisor of g and 3.
3
Let m(r) be the third derivative of r**5/60 - r**4/12 + r**3/6 - 4*r**2. Let l be m(4). Calculate the greatest common divisor of 9 and l.
9
Suppose 52 = m + 3*m. Calculate the highest common divisor of 117 and m.
13
Let i = 69 - 40. Let t = -21 + i. What is the highest common factor of 1 and t?
1
Let i be (1 - -3)*9/12. Let c be (-16 + 40)*(-1)/(-2). What is the highest common factor of i and c?
3
Suppose 4*u + 2 = 22. Suppose -u*f = -f - 16. What is the highest common factor of 1 and f?
1
Suppose 5*p - 20 = -3*o + 8, 2*p + 4*o = 14. What is the greatest common factor of 10 and p?
5
Let n = -29 - -69. Let d = -10 + n. What is the greatest common divisor of d and 12?
6
Suppose -2*b - 1 + 26 = 3*d, -5*d - 2*b + 39 = 0. Calculate the greatest common divisor of 28 and d.
7
Let b be ((-46)/(-4))/((-6)/(-12)). Let l = b + -14. Suppose -308 = -l*w + 5*w. Calculate the highest common divisor of 11 and w.
11
Suppose 91 = 5*z - 59. Let m = -2 + 3. Suppose 13 = 2*u + m. Calculate the greatest common divisor of u and z.
6
Suppose -r - 3*r = 3*k - 26, -r = -5*k + 5. Let i = -4 + r. Suppose i = t - 27. Calculate the greatest common factor of 14 and t.
14
Suppose 1 = u - 12. Let p be (86/4)/((-3)/(-6)). Suppose 5*d - 2*d = -2*r + 35, p = 4*r - 3*d. Calculate the highest common factor of r and u.
13
Suppose z - 2*z = -54. Suppose c + 30 = -5*y + 104, z = c - 5*y. Calculate the greatest common factor of c and 16.
16
Let t be ((-3 - -1) + 15)*1. Suppose -t = -3*o - 1. What is the greatest common divisor of 44 and o?
4
Suppose t = -5*h - 1 + 11, 4*t - 3*h - 17 = 0. Let z be 0 - -2 - (1 - 1). Calculate the greatest common divisor of t and z.
1
Suppose -12*w = -11*w - 2. Suppose y - n = 2, -2*y = -4*n - w + 4. What is the greatest common divisor of y and 40?
5
Let v(f) = f**2 + f + 3. Let u be v(-7). Calculate the greatest common factor of 15 and u.
15
Let n(x) = x - 13. Let i be n(14). What is the greatest common factor of i and 11?
1
Suppose 54 = 4*i - 58. Calculate the greatest common divisor of 7 and i.
7
Let g be 9 + -1*(-1 + 0). Suppose 7 = -4*m + 5*y + 77, -28 = -2*m - y. Calculate the greatest common factor of m and g.
5
Let o = -75 + 165. Suppose q + o = 3*q. What is the greatest common divisor of 5 and q?
5
Let d = -20 - -28. Let v(u) = u**3 + 9*u**2 + 9*u - 3. Let a be v(-7). Let o = 64 - a. Calculate the highest common divisor of o and d.
8
Let w = 72 + -135. Let r = w + 93. Calculate the greatest common divisor of 3 and r.
3
Let c = -3 + 13. Let u = c - -2. What is the greatest common divisor of u and 48?
12
Suppose 2*x + 0*x = 18. Suppose -5*c + 5*y = -90, 0*c + y = -5*c + 90. What is the highest common divisor of c and x?
9
Let g(b) = -b**3 + 8*b**2 - 7*b + 6. Let i be g(7). What is the highest common factor of i and 24?
6
Suppose 0*u = 3*u - 2*n - 32, u + 8 = -4*n. Calculate the highest common factor of 1 and u.
1
Let t(f) = 2*f - 3. Let s(d) = d**2 - 6*d - 4. Let b be s(7). Let h be t(b). What is the highest common divisor of 33 and h?
3
Suppose -6*l + 65 = 2*v - 11*l, 2*l = -v + 46. Calculate the highest common divisor of v and 50.
10
Suppose 5 = -j + 6*j. Let p = 1 + 2. Calculate the highest common divisor of j and p.
1
Suppose 2*h + 4*w = -42, 4*h = h + 3*w - 36. Let y = 11 + h. Let f be y/(-10) + (-348)/(-5). What is the greatest common factor of 14 and f?
14
Let m = 19 + 9. What is the greatest common factor of 70 and m?
14
Let y(s) = s**3 - 25*s**2 + s + 5. Let a be y(25). Let c(f) = 4*f**2 - 5*f + 1. Let k be c(4). Calculate the greatest common divisor of k and a.
15
Let s(b) = -b**2 + 7*b + 1. Let j be 2/5 + (-140)/(-25). Let z be s(j). Calculate the highest common factor of z and 1.
1
Suppose -38 = -2*d + 2*o, -4*d - 4*o + 61 = -39. What is the greatest common divisor of d and 154?
22
Suppose 88 = 2*f + d, -d - 148 = -4*f + 4*d. Let k be (-21)/2*16/(-6). What is the highest common factor of f and k?
14
Suppose -95 = 21*w - 305. Let h be (-448)/(-5) - 2/(-5). Calculate the highest common factor of w and h.
10
Suppose -4*q + 5*i = -381, -2*q = -4*i - 182 - 10. Suppose 5*z + 0*z + 2*a = q, 5*z - 5*a - 115 = 0. Calculate the highest common divisor of 10 and z.
10
Suppose 4*z + 22 = 362. Suppose 1044 = 38*k + 398. What is the greatest common divisor of z and k?
17
Suppose -4*p - l = -0*p + 323, 0 = 4*p - 2*l + 314. Let y = -12 - p. Calculate the highest common factor of 17 and y.
17
Let z be (1/(-4))/((-2)/40). Suppose 5*k - 30 = 5*l, -2*l = 4*k - z*k + 3. What is the highest common factor of k and 9?
9
Let y(c) = -20*c - 8. Let q be y(-4). Calculate the greatest common factor of 8 and q.
8
Suppose 0 = 2*r + 4, r = 4*l - 52 - 14. Calculate the highest common divisor of l and 112.
16
Let j = -9 + 49. Calculate the greatest common divisor of j and 8.
8
Let c be 1/((-2)/4 + 1). Let x = 9 - 8. Suppose c*n = 15 - x. Calculate the greatest common factor of n and 7.
7
Let l be (-3)/9*4/6*-27. Calculate the greatest common factor of l and 96.
6
Suppose 0 = 4*u - c - 73, -c = 4*u - 3*c - 74. Calculate the greatest common divisor of 18 and u.
18
Suppose 5*r + 2*i - 169 = 0, -r + 5*i + 190 = 4*r. Let w = -4 + 9. Calculate the highest common divisor of w and r.
5
Let g = 6 + -8. Let m = g + 2. Suppose z + 4*z - 110 = m. Calculate the greatest common factor of 2 and z.
2
Suppose 3*n - 58 = 2*t + 3*t, -n + 5*t = -36. Suppose 3*f - 187 = -y - n, 5*y - 280 = -5*f. Calculate the greatest common factor of f and 12.
12
Let u = 17 - 8. Suppose 5*n - 4 = n. Let m be 72/6*n/2. What is the greatest common factor of m